229.
1176
Calculate the remainder when 2008 is divided by 598.
214
Calculate the remainder when 35709 is divided by 14.
9
What is the remainder when 8894 is divided by 2882?
248
Calculate the remainder when 4062 is divided by 74.
66
What is the remainder when 643101 is divided by 1875?
1851
What is the remainder when 12207 is divided by 1135?
857
What is the remainder when 52161 is divided by 84?
81
What is the remainder when 47798 is divided by 90?
8
Calculate the remainder when 2218 is divided by 1098.
22
What is the remainder when 1402 is divided by 329?
86
What is the remainder when 30891 is divided by 434?
77
What is the remainder when 882 is divided by 142?
30
Calculate the remainder when 2318 is divided by 2205.
113
Calculate the remainder when 4264873 is divided by 1275.
1273
Calculate the remainder when 294200 is divided by 19613.
5
What is the remainder when 7474 is divided by 3269?
936
Calculate the remainder when 16526 is divided by 78.
68
What is the remainder when 2020 is divided by 23?
19
Calculate the remainder when 601951 is divided by 416.
415
What is the remainder when 6095 is divided by 119?
26
Calculate the remainder when 3725062 is divided by 168.
166
What is the remainder when 160824 is divided by 175?
174
What is the remainder when 11283 is divided by 56?
27
What is the remainder when 2205357 is divided by 52?
37
What is the remainder when 106532 is divided by 31?
16
Calculate the remainder when 138529 is divided by 2947.
20
What is the remainder when 15463 is divided by 672?
7
Calculate the remainder when 50327 is divided by 301.
60
Calculate the remainder when 53987 is divided by 383.
367
What is the remainder when 37340 is divided by 69?
11
What is the remainder when 5787 is divided by 338?
41
What is the remainder when 96897 is divided by 285?
282
What is the remainder when 7160 is divided by 720?
680
What is the remainder when 4978 is divided by 1340?
958
What is the remainder when 7889 is divided by 2629?
2
What is the remainder when 333 is divided by 44?
25
What is the remainder when 70177 is divided by 17543?
5
What is the remainder when 4306 is divided by 971?
422
What is the remainder when 11659 is divided by 108?
103
Calculate the remainder when 19347 is divided by 931.
727
What is the remainder when 493779 is divided by 94?
91
Calculate the remainder when 29256 is divided by 59.
51
Calculate the remainder when 6779 is divided by 450.
29
Calculate the remainder when 39019 is divided by 6500.
19
What is the remainder when 55863 is divided by 129?
6
What is the remainder when 353 is divided by 153?
47
What is the remainder when 4619 is divided by 305?
44
Calculate the remainder when 4010 is divided by 2000.
10
What is the remainder when 365062 is divided by 212?
210
Calculate the remainder when 231692 is divided by 35.
27
What is the remainder when 653 is divided by 383?
270
Calculate the remainder when 163654 is divided by 14.
8
Calculate the remainder when 782 is divided by 86.
8
Calculate the remainder when 182633 is divided by 257.
163
What is the remainder when 21261 is divided by 21146?
115
Calculate the remainder when 1582 is divided by 83.
5
Calculate the remainder when 204934 is divided by 545.
14
What is the remainder when 97191 is divided by 47?
42
What is the remainder when 57448 is divided by 221?
209
Calculate the remainder when 157175 is divided by 109.
106
What is the remainder when 3965 is divided by 1309?
38
Calculate the remainder when 1067894 is divided by 15.
14
Calculate the remainder when 205189 is divided by 85.
84
Calculate the remainder when 1245263 is divided by 80.
63
What is the remainder when 16559 is divided by 436?
427
Calculate the remainder when 11652 is divided by 49.
39
Calculate the remainder when 1244 is divided by 26.
22
What is the remainder when 105730 is divided by 466?
414
Calculate the remainder when 89749 is divided by 272.
261
What is the remainder when 15928 is divided by 238?
220
What is the remainder when 2993 is divided by 19?
10
Calculate the remainder when 18422 is divided by 6058.
248
Calculate the remainder when 35592 is divided by 71.
21
Calculate the remainder when 6224 is divided by 39.
23
What is the remainder when 804162 is divided by 160830?
12
Calculate the remainder when 6046559 is divided by 1020.
1019
Calculate the remainder when 1292 is divided by 192.
140
What is the remainder when 200601 is divided by 48?
9
Calculate the remainder when 298433 is divided by 479.
16
What is the remainder when 153032 is divided by 14?
12
What is the remainder when 1451 is divided by 1441?
10
Calculate the remainder when 6487 is divided by 372.
163
Calculate the remainder when 9195 is divided by 1164.
1047
Calculate the remainder when 16176 is divided by 246.
186
What is the remainder when 18796 is divided by 2685?
1
What is the remainder when 8326 is divided by 1187?
17
Calculate the remainder when 4671 is divided by 4.
3
Calculate the remainder when 21202 is divided by 73.
32
Calculate the remainder when 22205 is divided by 10975.
255
Calculate the remainder when 48873 is divided by 13.
6
What is the remainder when 61270 is divided by 15313?
18
What is the remainder when 43531 is divided by 6210?
61
Calculate the remainder when 1012 is divided by 50.
12
Calculate the remainder when 71908 is divided by 455.
18
Calculate the remainder when 27043 is divided by 512.
419
What is the remainder when 2421 is divided by 87?
72
What is the remainder when 1050983 is divided by 88?
87
What is the remainder when 1067622 is divided by 195?
192
Calculate the remainder when 62777 is divided by 230.
217
Calculate the remainder when 2722 is divided by 884.
70
Calculate the remainder when 5069 is divided by 5021.
48
Calculate the remainder when 160180 is divided by 40044.
4
What is the remainder when 4018 is divided by 139?
126
What is the remainder when 42816 is divided by 20?
16
What is the remainder when 29946 is divided by 231?
147
Calculate the remainder when 81491 is divided by 1337.
1271
What is the remainder when 14490 is divided by 12?
6
Calculate the remainder when 1686 is divided by 77.
69
What is the remainder when 118753 is divided by 183?
169
Calculate the remainder when 4298720 is divided by 108.
104
What is the remainder when 11035 is divided by 23?
18
Calculate the remainder when 717208 is divided by 789.
7
What is the remainder when 12681 is divided by 670?
621
What is the remainder when 1981 is divided by 143?
122
Calculate the remainder when 677 is divided by 642.
35
What is the remainder when 21549 is divided by 140?
129
Calculate the remainder when 2158 is divided by 714.
16
What is the remainder when 295 is divided by 8?
7
Calculate the remainder when 4699 is divided by 908.
159
Calculate the remainder when 213 is divided by 101.
11
Calculate the remainder when 52595 is divided by 1073.
18
What is the remainder when 140225 is divided by 4?
1
Calculate the remainder when 800 is divided by 357.
86
What is the remainder when 5422 is divided by 1495?
937
Calculate the remainder when 15015 is divided by 455.
0
What is the remainder when 16105 is divided by 358?
353
Calculate the remainder when 54585 is divided by 105.
90
Calculate the remainder when 27330 is divided by 13637.
56
Calculate the remainder when 2789720 is divided by 929901.
17
Calculate the remainder when 186973 is divided by 16.
13
What is the remainder when 99568 is divided by 260?
248
Calculate the remainder when 5846 is divided by 127.
4
What is the remainder when 9685 is divided by 880?
5
What is the remainder when 37142 is divided by 54?
44
Calculate the remainder when 40791 is divided by 124.
119
What is the remainder when 45324 is divided by 985?
14
What is the remainder when 49809 is divided by 341?
23
What is the remainder when 18897 is divided by 3733?
232
What is the remainder when 2609 is divided by 434?
5
What is the remainder when 17310 is divided by 8655?
0
Calculate the remainder when 256097 is divided by 139.
59
Calculate the remainder when 54129 is divided by 18041.
6
Calculate the remainder when 29319 is divided by 75.
69
Calculate the remainder when 17722 is divided by 16.
10
Calculate the remainder when 2236 is divided by 50.
36
Calculate the remainder when 17404 is divided b